{"id":44,"date":"2013-03-12T11:57:01","date_gmt":"2013-03-12T11:57:01","guid":{"rendered":"http:\/\/aiseweb.wordpress.com\/?page_id=44"},"modified":"2020-01-31T05:12:46","modified_gmt":"2020-01-31T05:12:46","slug":"campana-sanitaria-anual","status":"publish","type":"page","link":"https:\/\/www.asociacionaise.org\/index.php\/proyectos\/campana-sanitaria-anual\/","title":{"rendered":"Campa\u00f1a Socio-Sanitaria Anual y MiniCampa\u00f1as"},"content":{"rendered":"<p style=\"text-align: justify;\">El primer proyecto que se llev\u00f3 a cabo por\u00a0AISE\u00a0fue la Campa\u00f1a Sanitaria, que actualmente es llamada Campa\u00f1a Socio-Sanitaria, ya que la atenci\u00f3n es integral. Este proyecto se lleva a cabo en diferentes zonas del pa\u00eds de manera simult\u00e1nea, con la ayuda de diferentes socios locales.<\/p>\n<p style=\"text-align: justify;\">Una brigada psico-m\u00e9dica (m\u00e9dicos y enfermeros, psic\u00f3logos, trabajadores sociales, fisioterapeutas y farmac\u00e9uticos) acuden a Ecuador y parte de Per\u00fa de forma anual (en los meses de febrero y marzo), para atender, <strong>durante 35 d\u00edas aproximadamente<\/strong>, a las comunidades m\u00e1s desfavorecidas y con menos recursos econ\u00f3micos, priorizando las zonas rurales dispersas, las zonas urbanas marginales y la poblaci\u00f3n infanto-juvenil. La campa\u00f1a es itinerante, el equipo sanitario se mueve por varios ayuntamientos durante el proyecto y se visita cada d\u00eda en un lugar distinto. Se realiza en escuelas, colegios, iglesias o en locales que sean amplios y ventilados donde poder atender a la poblaci\u00f3n.<\/p>\n<p style=\"text-align: justify;\"><a href=\"https:\/\/www.asociacionaise.org\/wp-content\/uploads\/2013\/03\/ES.jpg\"><img loading=\"lazy\" decoding=\"async\" class=\"alignright wp-image-517\" src=\"https:\/\/www.asociacionaise.org\/wp-content\/uploads\/2013\/03\/ES.jpg\" alt=\"SANYO DIGITAL CAMERA\" width=\"448\" height=\"280\" \/><\/a>El <strong>objetivo principal<\/strong> de este proyecto es la <strong>prevenci\u00f3n y promoci\u00f3n de la salud<\/strong>.<\/p>\n<p style=\"text-align: justify;\">Las <strong>actividades<\/strong> que se realizan son las siguientes:<\/p>\n<ul style=\"text-align: justify;\">\n<li>Brindar charlas de educaci\u00f3n sanitaria dirigida a la prevenci\u00f3n de enfermedades infecto-contagiosas, de transmisi\u00f3n sexual, violencia, alimentaci\u00f3n, higiene, etc.<\/li>\n<li>Brindar atenci\u00f3n m\u00e9dica b\u00e1sica a personas de escasos recursos econ\u00f3micos, con la entrega de medicamentos que dispongamos.<\/li>\n<li>Realizar un cribado de diabetes e hipertensi\u00f3n arterial a los pacientes que presenten factores de riesgo.<\/li>\n<li>Proporcionar apoyo psicol\u00f3gico y herramientas de soporte en caso de problem\u00e1ticas sociales.<\/li>\n<\/ul>\n<p style=\"text-align: justify;\">Inicialmente se realizaba este proyecto en la zona de Buena Fe, la Manga del Cura, Manab\u00ed, El Oro y Guayas; de manera progresiva y a demanda de las comunidades y ayuntamientos se ha ido ampliando la atenci\u00f3n. Actualmente la Campa\u00f1a Socio-Sanitaria se lleva a cabo en las siguientes zonas: Los R\u00edos, Riobamba, Guayas, Manab\u00ed, Esmeraldas, Loja, Zamora Chinchipe y Per\u00fa.<\/p>\n<p style=\"text-align: justify;\">Si deseas consultar las memorias del trabajo realizado en los \u00faltimos a\u00f1os, aqu\u00ed te las presentamos:<\/p>\n<p style=\"text-align: justify;\"><a href=\"https:\/\/www.asociacionaise.org\/wp-content\/uploads\/2013\/03\/RESULTADOS-ESTADISTICAS-12CSS.pdf\">MEMORIA 12CSS<\/a><\/p>\n<p style=\"text-align: justify;\">MEMORIA 13CSS<\/p>\n<p style=\"text-align: justify;\"><a href=\"https:\/\/www.asociacionaise.org\/wp-content\/uploads\/2013\/03\/MEMORIA-14CSS.pdf\">MEMORIA 14CSS<\/a><\/p>\n<p><a href=\"https:\/\/www.asociacionaise.org\/wp-content\/uploads\/2018\/07\/MEMORIA-15CSS-2017-1.pdf\">MEMORIA 15CSS<\/a><\/p>\n<p><a href=\"https:\/\/www.asociacionaise.org\/wp-content\/uploads\/2019\/12\/MEMORIA-16CSS-2018.pdf\">MEMORIA 16CSS<\/a><\/p>\n<p>Si estas interesado\/a en participar en la Campa\u00f1a Socio-Sanitaria, lee detenidamente nuestro <a href=\"https:\/\/www.asociacionaise.org\/wp-content\/uploads\/2020\/01\/CARTEL-18CSS.pdf\">CARTEL 18CSS<\/a> y los detalles en el siguiente documento: <a href=\"https:\/\/www.asociacionaise.org\/wp-content\/uploads\/2019\/12\/FOLLETO-18CSS.pdf\">DETALLES 18CSS<\/a><a href=\"https:\/\/www.asociacionaise.org\/wp-content\/uploads\/2014\/07\/DETALLES-13CSS.pdf\"><br \/>\n<\/a><\/p>\n<p>Adem\u00e1s realizamos MiniCampa\u00f1as casi todos los meses. Actualmente estamos preparando la de abril y seguiremos todo el 2020. Aqu\u00ed tienes la informaci\u00f3n: <a href=\"https:\/\/www.asociacionaise.org\/wp-content\/uploads\/2020\/01\/DETALLES-MiniCSS-2020.pdf\">DETALLES MiniCSS 2020<\/a><\/p>\n<p>Si este proyecto es lo que buscabas, contacta con nosotros\u00a0<a title=\"CONTACTA\" href=\"https:\/\/www.asociacionaise.org\/?page_id=62\">aqu\u00ed<\/a>\u00a0para iniciar el proceso de selecci\u00f3n.<\/p>\n<p style=\"text-align: justify;\">\n","protected":false},"excerpt":{"rendered":"<p>El primer proyecto que se llev\u00f3 a cabo por\u00a0AISE\u00a0fue la Campa\u00f1a Sanitaria, que actualmente es llamada Campa\u00f1a Socio-Sanitaria, ya que la atenci\u00f3n es integral. Este proyecto se lleva a cabo en diferentes zonas del pa\u00eds de manera simult\u00e1nea, con la ayuda de diferentes socios locales. Una brigada psico-m\u00e9dica (m\u00e9dicos y enfermeros, psic\u00f3logos, trabajadores sociales, fisioterapeutas [&hellip;]<\/p>\n","protected":false},"author":5,"featured_media":0,"parent":41,"menu_order":1,"comment_status":"closed","ping_status":"open","template":"","meta":{"footnotes":""},"class_list":["post-44","page","type-page","status-publish","hentry"],"yoast_head":"<!-- This site is optimized with the Yoast SEO plugin v24.9 - https:\/\/yoast.com\/wordpress\/plugins\/seo\/ -->\n<title>Campa\u00f1a Socio-Sanitaria Anual y MiniCampa\u00f1as - AISE<\/title>\n<meta name=\"robots\" content=\"index, follow, max-snippet:-1, max-image-preview:large, max-video-preview:-1\" \/>\n<link rel=\"canonical\" href=\"https:\/\/www.asociacionaise.org\/index.php\/proyectos\/campana-sanitaria-anual\/\" \/>\n<meta property=\"og:locale\" content=\"es_ES\" \/>\n<meta property=\"og:type\" content=\"article\" \/>\n<meta property=\"og:title\" content=\"Campa\u00f1a Socio-Sanitaria Anual y MiniCampa\u00f1as - AISE\" \/>\n<meta property=\"og:description\" content=\"El primer proyecto que se llev\u00f3 a cabo por\u00a0AISE\u00a0fue la Campa\u00f1a Sanitaria, que actualmente es llamada Campa\u00f1a Socio-Sanitaria, ya que la atenci\u00f3n es integral. Este proyecto se lleva a cabo en diferentes zonas del pa\u00eds de manera simult\u00e1nea, con la ayuda de diferentes socios locales. Una brigada psico-m\u00e9dica (m\u00e9dicos y enfermeros, psic\u00f3logos, trabajadores sociales, fisioterapeutas [&hellip;]\" \/>\n<meta property=\"og:url\" content=\"https:\/\/www.asociacionaise.org\/index.php\/proyectos\/campana-sanitaria-anual\/\" \/>\n<meta property=\"og:site_name\" content=\"AISE\" \/>\n<meta property=\"article:publisher\" content=\"https:\/\/www.facebook.com\/AISEOrg\/\" \/>\n<meta property=\"article:modified_time\" content=\"2020-01-31T05:12:46+00:00\" \/>\n<meta property=\"og:image\" content=\"http:\/\/www.asociacionaise.org\/wp-content\/uploads\/2013\/03\/ES.jpg\" \/>\n<meta name=\"twitter:card\" content=\"summary_large_image\" \/>\n<meta name=\"twitter:site\" content=\"@ASOCIACIONAISE\" \/>\n<meta name=\"twitter:label1\" content=\"Tiempo de lectura\" \/>\n\t<meta name=\"twitter:data1\" content=\"2 minutos\" \/>\n<script type=\"application\/ld+json\" class=\"yoast-schema-graph\">{\"@context\":\"https:\/\/schema.org\",\"@graph\":[{\"@type\":\"WebPage\",\"@id\":\"https:\/\/www.asociacionaise.org\/index.php\/proyectos\/campana-sanitaria-anual\/\",\"url\":\"https:\/\/www.asociacionaise.org\/index.php\/proyectos\/campana-sanitaria-anual\/\",\"name\":\"Campa\u00f1a Socio-Sanitaria Anual y MiniCampa\u00f1as - AISE\",\"isPartOf\":{\"@id\":\"https:\/\/www.asociacionaise.org\/#website\"},\"primaryImageOfPage\":{\"@id\":\"https:\/\/www.asociacionaise.org\/index.php\/proyectos\/campana-sanitaria-anual\/#primaryimage\"},\"image\":{\"@id\":\"https:\/\/www.asociacionaise.org\/index.php\/proyectos\/campana-sanitaria-anual\/#primaryimage\"},\"thumbnailUrl\":\"http:\/\/www.asociacionaise.org\/wp-content\/uploads\/2013\/03\/ES.jpg\",\"datePublished\":\"2013-03-12T11:57:01+00:00\",\"dateModified\":\"2020-01-31T05:12:46+00:00\",\"breadcrumb\":{\"@id\":\"https:\/\/www.asociacionaise.org\/index.php\/proyectos\/campana-sanitaria-anual\/#breadcrumb\"},\"inLanguage\":\"es\",\"potentialAction\":[{\"@type\":\"ReadAction\",\"target\":[\"https:\/\/www.asociacionaise.org\/index.php\/proyectos\/campana-sanitaria-anual\/\"]}]},{\"@type\":\"ImageObject\",\"inLanguage\":\"es\",\"@id\":\"https:\/\/www.asociacionaise.org\/index.php\/proyectos\/campana-sanitaria-anual\/#primaryimage\",\"url\":\"https:\/\/www.asociacionaise.org\/wp-content\/uploads\/2013\/03\/ES.jpg\",\"contentUrl\":\"https:\/\/www.asociacionaise.org\/wp-content\/uploads\/2013\/03\/ES.jpg\",\"width\":3456,\"height\":2159},{\"@type\":\"BreadcrumbList\",\"@id\":\"https:\/\/www.asociacionaise.org\/index.php\/proyectos\/campana-sanitaria-anual\/#breadcrumb\",\"itemListElement\":[{\"@type\":\"ListItem\",\"position\":1,\"name\":\"Portada\",\"item\":\"https:\/\/www.asociacionaise.org\/\"},{\"@type\":\"ListItem\",\"position\":2,\"name\":\"QU\u00c9 HACEMOS\",\"item\":\"https:\/\/www.asociacionaise.org\/index.php\/proyectos\/\"},{\"@type\":\"ListItem\",\"position\":3,\"name\":\"Campa\u00f1a Socio-Sanitaria Anual y MiniCampa\u00f1as\"}]},{\"@type\":\"WebSite\",\"@id\":\"https:\/\/www.asociacionaise.org\/#website\",\"url\":\"https:\/\/www.asociacionaise.org\/\",\"name\":\"AISE\",\"description\":\"Asociaci\u00f3n Internacional de Sanitarios en Espa\u00f1a\",\"publisher\":{\"@id\":\"https:\/\/www.asociacionaise.org\/#organization\"},\"potentialAction\":[{\"@type\":\"SearchAction\",\"target\":{\"@type\":\"EntryPoint\",\"urlTemplate\":\"https:\/\/www.asociacionaise.org\/?s={search_term_string}\"},\"query-input\":{\"@type\":\"PropertyValueSpecification\",\"valueRequired\":true,\"valueName\":\"search_term_string\"}}],\"inLanguage\":\"es\"},{\"@type\":\"Organization\",\"@id\":\"https:\/\/www.asociacionaise.org\/#organization\",\"name\":\"Asociacion AISE\",\"url\":\"https:\/\/www.asociacionaise.org\/\",\"logo\":{\"@type\":\"ImageObject\",\"inLanguage\":\"es\",\"@id\":\"https:\/\/www.asociacionaise.org\/#\/schema\/logo\/image\/\",\"url\":\"http:\/\/www.asociacionaise.org\/wp-content\/uploads\/2020\/02\/logo256.png\",\"contentUrl\":\"http:\/\/www.asociacionaise.org\/wp-content\/uploads\/2020\/02\/logo256.png\",\"width\":256,\"height\":256,\"caption\":\"Asociacion AISE\"},\"image\":{\"@id\":\"https:\/\/www.asociacionaise.org\/#\/schema\/logo\/image\/\"},\"sameAs\":[\"https:\/\/www.facebook.com\/AISEOrg\/\",\"https:\/\/x.com\/ASOCIACIONAISE\",\"https:\/\/www.instagram.com\/aise_voluntariado\/\",\"https:\/\/www.linkedin.com\/in\/asociacion-aise-64a445147\/\"]}]}<\/script>\n<!-- \/ Yoast SEO plugin. -->","yoast_head_json":{"title":"Campa\u00f1a Socio-Sanitaria Anual y MiniCampa\u00f1as - AISE","robots":{"index":"index","follow":"follow","max-snippet":"max-snippet:-1","max-image-preview":"max-image-preview:large","max-video-preview":"max-video-preview:-1"},"canonical":"https:\/\/www.asociacionaise.org\/index.php\/proyectos\/campana-sanitaria-anual\/","og_locale":"es_ES","og_type":"article","og_title":"Campa\u00f1a Socio-Sanitaria Anual y MiniCampa\u00f1as - AISE","og_description":"El primer proyecto que se llev\u00f3 a cabo por\u00a0AISE\u00a0fue la Campa\u00f1a Sanitaria, que actualmente es llamada Campa\u00f1a Socio-Sanitaria, ya que la atenci\u00f3n es integral. Este proyecto se lleva a cabo en diferentes zonas del pa\u00eds de manera simult\u00e1nea, con la ayuda de diferentes socios locales. Una brigada psico-m\u00e9dica (m\u00e9dicos y enfermeros, psic\u00f3logos, trabajadores sociales, fisioterapeutas [&hellip;]","og_url":"https:\/\/www.asociacionaise.org\/index.php\/proyectos\/campana-sanitaria-anual\/","og_site_name":"AISE","article_publisher":"https:\/\/www.facebook.com\/AISEOrg\/","article_modified_time":"2020-01-31T05:12:46+00:00","og_image":[{"url":"http:\/\/www.asociacionaise.org\/wp-content\/uploads\/2013\/03\/ES.jpg","type":"","width":"","height":""}],"twitter_card":"summary_large_image","twitter_site":"@ASOCIACIONAISE","twitter_misc":{"Tiempo de lectura":"2 minutos"},"schema":{"@context":"https:\/\/schema.org","@graph":[{"@type":"WebPage","@id":"https:\/\/www.asociacionaise.org\/index.php\/proyectos\/campana-sanitaria-anual\/","url":"https:\/\/www.asociacionaise.org\/index.php\/proyectos\/campana-sanitaria-anual\/","name":"Campa\u00f1a Socio-Sanitaria Anual y MiniCampa\u00f1as - AISE","isPartOf":{"@id":"https:\/\/www.asociacionaise.org\/#website"},"primaryImageOfPage":{"@id":"https:\/\/www.asociacionaise.org\/index.php\/proyectos\/campana-sanitaria-anual\/#primaryimage"},"image":{"@id":"https:\/\/www.asociacionaise.org\/index.php\/proyectos\/campana-sanitaria-anual\/#primaryimage"},"thumbnailUrl":"http:\/\/www.asociacionaise.org\/wp-content\/uploads\/2013\/03\/ES.jpg","datePublished":"2013-03-12T11:57:01+00:00","dateModified":"2020-01-31T05:12:46+00:00","breadcrumb":{"@id":"https:\/\/www.asociacionaise.org\/index.php\/proyectos\/campana-sanitaria-anual\/#breadcrumb"},"inLanguage":"es","potentialAction":[{"@type":"ReadAction","target":["https:\/\/www.asociacionaise.org\/index.php\/proyectos\/campana-sanitaria-anual\/"]}]},{"@type":"ImageObject","inLanguage":"es","@id":"https:\/\/www.asociacionaise.org\/index.php\/proyectos\/campana-sanitaria-anual\/#primaryimage","url":"https:\/\/www.asociacionaise.org\/wp-content\/uploads\/2013\/03\/ES.jpg","contentUrl":"https:\/\/www.asociacionaise.org\/wp-content\/uploads\/2013\/03\/ES.jpg","width":3456,"height":2159},{"@type":"BreadcrumbList","@id":"https:\/\/www.asociacionaise.org\/index.php\/proyectos\/campana-sanitaria-anual\/#breadcrumb","itemListElement":[{"@type":"ListItem","position":1,"name":"Portada","item":"https:\/\/www.asociacionaise.org\/"},{"@type":"ListItem","position":2,"name":"QU\u00c9 HACEMOS","item":"https:\/\/www.asociacionaise.org\/index.php\/proyectos\/"},{"@type":"ListItem","position":3,"name":"Campa\u00f1a Socio-Sanitaria Anual y MiniCampa\u00f1as"}]},{"@type":"WebSite","@id":"https:\/\/www.asociacionaise.org\/#website","url":"https:\/\/www.asociacionaise.org\/","name":"AISE","description":"Asociaci\u00f3n Internacional de Sanitarios en Espa\u00f1a","publisher":{"@id":"https:\/\/www.asociacionaise.org\/#organization"},"potentialAction":[{"@type":"SearchAction","target":{"@type":"EntryPoint","urlTemplate":"https:\/\/www.asociacionaise.org\/?s={search_term_string}"},"query-input":{"@type":"PropertyValueSpecification","valueRequired":true,"valueName":"search_term_string"}}],"inLanguage":"es"},{"@type":"Organization","@id":"https:\/\/www.asociacionaise.org\/#organization","name":"Asociacion AISE","url":"https:\/\/www.asociacionaise.org\/","logo":{"@type":"ImageObject","inLanguage":"es","@id":"https:\/\/www.asociacionaise.org\/#\/schema\/logo\/image\/","url":"http:\/\/www.asociacionaise.org\/wp-content\/uploads\/2020\/02\/logo256.png","contentUrl":"http:\/\/www.asociacionaise.org\/wp-content\/uploads\/2020\/02\/logo256.png","width":256,"height":256,"caption":"Asociacion AISE"},"image":{"@id":"https:\/\/www.asociacionaise.org\/#\/schema\/logo\/image\/"},"sameAs":["https:\/\/www.facebook.com\/AISEOrg\/","https:\/\/x.com\/ASOCIACIONAISE","https:\/\/www.instagram.com\/aise_voluntariado\/","https:\/\/www.linkedin.com\/in\/asociacion-aise-64a445147\/"]}]}},"_links":{"self":[{"href":"https:\/\/www.asociacionaise.org\/index.php\/wp-json\/wp\/v2\/pages\/44","targetHints":{"allow":["GET"]}}],"collection":[{"href":"https:\/\/www.asociacionaise.org\/index.php\/wp-json\/wp\/v2\/pages"}],"about":[{"href":"https:\/\/www.asociacionaise.org\/index.php\/wp-json\/wp\/v2\/types\/page"}],"author":[{"embeddable":true,"href":"https:\/\/www.asociacionaise.org\/index.php\/wp-json\/wp\/v2\/users\/5"}],"replies":[{"embeddable":true,"href":"https:\/\/www.asociacionaise.org\/index.php\/wp-json\/wp\/v2\/comments?post=44"}],"version-history":[{"count":34,"href":"https:\/\/www.asociacionaise.org\/index.php\/wp-json\/wp\/v2\/pages\/44\/revisions"}],"predecessor-version":[{"id":5135,"href":"https:\/\/www.asociacionaise.org\/index.php\/wp-json\/wp\/v2\/pages\/44\/revisions\/5135"}],"up":[{"embeddable":true,"href":"https:\/\/www.asociacionaise.org\/index.php\/wp-json\/wp\/v2\/pages\/41"}],"wp:attachment":[{"href":"https:\/\/www.asociacionaise.org\/index.php\/wp-json\/wp\/v2\/media?parent=44"}],"curies":[{"name":"wp","href":"https:\/\/api.w.org\/{rel}","templated":true}]}}