{"id":3160,"date":"2016-11-12T04:34:17","date_gmt":"2016-11-12T04:34:17","guid":{"rendered":"http:\/\/www.asociacionaise.org\/?page_id=3160"},"modified":"2016-11-12T04:34:17","modified_gmt":"2016-11-12T04:34:17","slug":"formacion-en-cooperacion","status":"publish","type":"page","link":"https:\/\/www.asociacionaise.org\/index.php\/proyectos\/formacion-en-cooperacion\/","title":{"rendered":"FORMACI\u00d3N EN COOPERACI\u00d3N"},"content":{"rendered":"<p style=\"text-align: justify;\">Para llegar m\u00e1s lejos y a m\u00e1s personas necesitamos estar preparados profesionalmente. Es por ello que uno de nuestros objetivos principales es la docencia.<\/p>\n<p style=\"text-align: justify;\"><a href=\"https:\/\/www.asociacionaise.org\/wp-content\/uploads\/2016\/11\/foto-banner.jpg\"><img loading=\"lazy\" decoding=\"async\" class=\"size-medium wp-image-3161 alignleft\" alt=\"foto banner\" src=\"https:\/\/www.asociacionaise.org\/wp-content\/uploads\/2016\/11\/foto-banner-300x225.jpg\" width=\"300\" height=\"225\" srcset=\"https:\/\/www.asociacionaise.org\/wp-content\/uploads\/2016\/11\/foto-banner-300x225.jpg 300w, https:\/\/www.asociacionaise.org\/wp-content\/uploads\/2016\/11\/foto-banner-1024x768.jpg 1024w\" sizes=\"auto, (max-width: 300px) 100vw, 300px\" \/><\/a>En AISE realizamos formaci\u00f3n a alumnos de grado de enfermer\u00eda y estudiantes de m\u00e1ster, mediante pr\u00e1cticas en sede, ampliando conocimientos en cooperaci\u00f3n, elaboraci\u00f3n de proyectos y gesti\u00f3n de recursos.<\/p>\n<p style=\"text-align: justify;\">Los estudiantes con perfil sanitario tambi\u00e9n pueden realizar pr\u00e1cticas en Ecuador, gracias a la Campa\u00f1a Socio-Sanitaria, donde enfocar\u00e1n su labor en la prevenci\u00f3n y promoci\u00f3n de la salud mediante charlas a las comunidades.<\/p>\n<p style=\"text-align: justify;\">AISE tambi\u00e9n realiza sesiones formativas monotem\u00e1ticas, seminarios pr\u00e1cticos y formaciones intensivas en universidades o centros especializados. Adem\u00e1s forma a sus voluntarios antes de que \u00e9stos viajen a Ecuador para que su adaptaci\u00f3n al proyecto sea m\u00e1s sencilla.<\/p>\n<p style=\"text-align: justify;\">Si deseas formarte con nosotros o firmar convenio de pr\u00e1cticas escr\u00edbenos\u00a0<a href=\"https:\/\/www.asociacionaise.org\/index.php\/contacta\/\">aqu\u00ed<\/a><\/p>\n<p style=\"text-align: justify;\">\u00a1Porque sin aprendizaje no hay retos ni avances!<\/p>\n","protected":false},"excerpt":{"rendered":"<p>Para llegar m\u00e1s lejos y a m\u00e1s personas necesitamos estar preparados profesionalmente. Es por ello que uno de nuestros objetivos principales es la docencia. En AISE realizamos formaci\u00f3n a alumnos de grado de enfermer\u00eda y estudiantes de m\u00e1ster, mediante pr\u00e1cticas en sede, ampliando conocimientos en cooperaci\u00f3n, elaboraci\u00f3n de proyectos y gesti\u00f3n de recursos. Los estudiantes [&hellip;]<\/p>\n","protected":false},"author":5,"featured_media":0,"parent":41,"menu_order":4,"comment_status":"closed","ping_status":"closed","template":"","meta":{"footnotes":""},"class_list":["post-3160","page","type-page","status-publish","hentry"],"yoast_head":"<!-- This site is optimized with the Yoast SEO plugin v24.9 - https:\/\/yoast.com\/wordpress\/plugins\/seo\/ -->\n<title>FORMACI\u00d3N EN COOPERACI\u00d3N - AISE<\/title>\n<meta name=\"robots\" content=\"index, follow, max-snippet:-1, max-image-preview:large, max-video-preview:-1\" \/>\n<link rel=\"canonical\" href=\"https:\/\/www.asociacionaise.org\/index.php\/proyectos\/formacion-en-cooperacion\/\" \/>\n<meta property=\"og:locale\" content=\"es_ES\" \/>\n<meta property=\"og:type\" content=\"article\" \/>\n<meta property=\"og:title\" content=\"FORMACI\u00d3N EN COOPERACI\u00d3N - AISE\" \/>\n<meta property=\"og:description\" content=\"Para llegar m\u00e1s lejos y a m\u00e1s personas necesitamos estar preparados profesionalmente. Es por ello que uno de nuestros objetivos principales es la docencia. En AISE realizamos formaci\u00f3n a alumnos de grado de enfermer\u00eda y estudiantes de m\u00e1ster, mediante pr\u00e1cticas en sede, ampliando conocimientos en cooperaci\u00f3n, elaboraci\u00f3n de proyectos y gesti\u00f3n de recursos. Los estudiantes [&hellip;]\" \/>\n<meta property=\"og:url\" content=\"https:\/\/www.asociacionaise.org\/index.php\/proyectos\/formacion-en-cooperacion\/\" \/>\n<meta property=\"og:site_name\" content=\"AISE\" \/>\n<meta property=\"article:publisher\" content=\"https:\/\/www.facebook.com\/AISEOrg\/\" \/>\n<meta property=\"og:image\" content=\"http:\/\/www.asociacionaise.org\/wp-content\/uploads\/2016\/11\/foto-banner-300x225.jpg\" \/>\n<meta name=\"twitter:card\" content=\"summary_large_image\" \/>\n<meta name=\"twitter:site\" content=\"@ASOCIACIONAISE\" \/>\n<meta name=\"twitter:label1\" content=\"Tiempo de lectura\" \/>\n\t<meta name=\"twitter:data1\" content=\"1 minuto\" \/>\n<script type=\"application\/ld+json\" class=\"yoast-schema-graph\">{\"@context\":\"https:\/\/schema.org\",\"@graph\":[{\"@type\":\"WebPage\",\"@id\":\"https:\/\/www.asociacionaise.org\/index.php\/proyectos\/formacion-en-cooperacion\/\",\"url\":\"https:\/\/www.asociacionaise.org\/index.php\/proyectos\/formacion-en-cooperacion\/\",\"name\":\"FORMACI\u00d3N EN COOPERACI\u00d3N - AISE\",\"isPartOf\":{\"@id\":\"https:\/\/www.asociacionaise.org\/#website\"},\"primaryImageOfPage\":{\"@id\":\"https:\/\/www.asociacionaise.org\/index.php\/proyectos\/formacion-en-cooperacion\/#primaryimage\"},\"image\":{\"@id\":\"https:\/\/www.asociacionaise.org\/index.php\/proyectos\/formacion-en-cooperacion\/#primaryimage\"},\"thumbnailUrl\":\"http:\/\/www.asociacionaise.org\/wp-content\/uploads\/2016\/11\/foto-banner-300x225.jpg\",\"datePublished\":\"2016-11-12T04:34:17+00:00\",\"breadcrumb\":{\"@id\":\"https:\/\/www.asociacionaise.org\/index.php\/proyectos\/formacion-en-cooperacion\/#breadcrumb\"},\"inLanguage\":\"es\",\"potentialAction\":[{\"@type\":\"ReadAction\",\"target\":[\"https:\/\/www.asociacionaise.org\/index.php\/proyectos\/formacion-en-cooperacion\/\"]}]},{\"@type\":\"ImageObject\",\"inLanguage\":\"es\",\"@id\":\"https:\/\/www.asociacionaise.org\/index.php\/proyectos\/formacion-en-cooperacion\/#primaryimage\",\"url\":\"https:\/\/www.asociacionaise.org\/wp-content\/uploads\/2016\/11\/foto-banner.jpg\",\"contentUrl\":\"https:\/\/www.asociacionaise.org\/wp-content\/uploads\/2016\/11\/foto-banner.jpg\",\"width\":3264,\"height\":2448},{\"@type\":\"BreadcrumbList\",\"@id\":\"https:\/\/www.asociacionaise.org\/index.php\/proyectos\/formacion-en-cooperacion\/#breadcrumb\",\"itemListElement\":[{\"@type\":\"ListItem\",\"position\":1,\"name\":\"Portada\",\"item\":\"https:\/\/www.asociacionaise.org\/\"},{\"@type\":\"ListItem\",\"position\":2,\"name\":\"QU\u00c9 HACEMOS\",\"item\":\"https:\/\/www.asociacionaise.org\/index.php\/proyectos\/\"},{\"@type\":\"ListItem\",\"position\":3,\"name\":\"FORMACI\u00d3N EN COOPERACI\u00d3N\"}]},{\"@type\":\"WebSite\",\"@id\":\"https:\/\/www.asociacionaise.org\/#website\",\"url\":\"https:\/\/www.asociacionaise.org\/\",\"name\":\"AISE\",\"description\":\"Asociaci\u00f3n Internacional de Sanitarios en Espa\u00f1a\",\"publisher\":{\"@id\":\"https:\/\/www.asociacionaise.org\/#organization\"},\"potentialAction\":[{\"@type\":\"SearchAction\",\"target\":{\"@type\":\"EntryPoint\",\"urlTemplate\":\"https:\/\/www.asociacionaise.org\/?s={search_term_string}\"},\"query-input\":{\"@type\":\"PropertyValueSpecification\",\"valueRequired\":true,\"valueName\":\"search_term_string\"}}],\"inLanguage\":\"es\"},{\"@type\":\"Organization\",\"@id\":\"https:\/\/www.asociacionaise.org\/#organization\",\"name\":\"Asociacion AISE\",\"url\":\"https:\/\/www.asociacionaise.org\/\",\"logo\":{\"@type\":\"ImageObject\",\"inLanguage\":\"es\",\"@id\":\"https:\/\/www.asociacionaise.org\/#\/schema\/logo\/image\/\",\"url\":\"http:\/\/www.asociacionaise.org\/wp-content\/uploads\/2020\/02\/logo256.png\",\"contentUrl\":\"http:\/\/www.asociacionaise.org\/wp-content\/uploads\/2020\/02\/logo256.png\",\"width\":256,\"height\":256,\"caption\":\"Asociacion AISE\"},\"image\":{\"@id\":\"https:\/\/www.asociacionaise.org\/#\/schema\/logo\/image\/\"},\"sameAs\":[\"https:\/\/www.facebook.com\/AISEOrg\/\",\"https:\/\/x.com\/ASOCIACIONAISE\",\"https:\/\/www.instagram.com\/aise_voluntariado\/\",\"https:\/\/www.linkedin.com\/in\/asociacion-aise-64a445147\/\"]}]}<\/script>\n<!-- \/ Yoast SEO plugin. -->","yoast_head_json":{"title":"FORMACI\u00d3N EN COOPERACI\u00d3N - AISE","robots":{"index":"index","follow":"follow","max-snippet":"max-snippet:-1","max-image-preview":"max-image-preview:large","max-video-preview":"max-video-preview:-1"},"canonical":"https:\/\/www.asociacionaise.org\/index.php\/proyectos\/formacion-en-cooperacion\/","og_locale":"es_ES","og_type":"article","og_title":"FORMACI\u00d3N EN COOPERACI\u00d3N - AISE","og_description":"Para llegar m\u00e1s lejos y a m\u00e1s personas necesitamos estar preparados profesionalmente. Es por ello que uno de nuestros objetivos principales es la docencia. En AISE realizamos formaci\u00f3n a alumnos de grado de enfermer\u00eda y estudiantes de m\u00e1ster, mediante pr\u00e1cticas en sede, ampliando conocimientos en cooperaci\u00f3n, elaboraci\u00f3n de proyectos y gesti\u00f3n de recursos. Los estudiantes [&hellip;]","og_url":"https:\/\/www.asociacionaise.org\/index.php\/proyectos\/formacion-en-cooperacion\/","og_site_name":"AISE","article_publisher":"https:\/\/www.facebook.com\/AISEOrg\/","og_image":[{"url":"http:\/\/www.asociacionaise.org\/wp-content\/uploads\/2016\/11\/foto-banner-300x225.jpg","type":"","width":"","height":""}],"twitter_card":"summary_large_image","twitter_site":"@ASOCIACIONAISE","twitter_misc":{"Tiempo de lectura":"1 minuto"},"schema":{"@context":"https:\/\/schema.org","@graph":[{"@type":"WebPage","@id":"https:\/\/www.asociacionaise.org\/index.php\/proyectos\/formacion-en-cooperacion\/","url":"https:\/\/www.asociacionaise.org\/index.php\/proyectos\/formacion-en-cooperacion\/","name":"FORMACI\u00d3N EN COOPERACI\u00d3N - AISE","isPartOf":{"@id":"https:\/\/www.asociacionaise.org\/#website"},"primaryImageOfPage":{"@id":"https:\/\/www.asociacionaise.org\/index.php\/proyectos\/formacion-en-cooperacion\/#primaryimage"},"image":{"@id":"https:\/\/www.asociacionaise.org\/index.php\/proyectos\/formacion-en-cooperacion\/#primaryimage"},"thumbnailUrl":"http:\/\/www.asociacionaise.org\/wp-content\/uploads\/2016\/11\/foto-banner-300x225.jpg","datePublished":"2016-11-12T04:34:17+00:00","breadcrumb":{"@id":"https:\/\/www.asociacionaise.org\/index.php\/proyectos\/formacion-en-cooperacion\/#breadcrumb"},"inLanguage":"es","potentialAction":[{"@type":"ReadAction","target":["https:\/\/www.asociacionaise.org\/index.php\/proyectos\/formacion-en-cooperacion\/"]}]},{"@type":"ImageObject","inLanguage":"es","@id":"https:\/\/www.asociacionaise.org\/index.php\/proyectos\/formacion-en-cooperacion\/#primaryimage","url":"https:\/\/www.asociacionaise.org\/wp-content\/uploads\/2016\/11\/foto-banner.jpg","contentUrl":"https:\/\/www.asociacionaise.org\/wp-content\/uploads\/2016\/11\/foto-banner.jpg","width":3264,"height":2448},{"@type":"BreadcrumbList","@id":"https:\/\/www.asociacionaise.org\/index.php\/proyectos\/formacion-en-cooperacion\/#breadcrumb","itemListElement":[{"@type":"ListItem","position":1,"name":"Portada","item":"https:\/\/www.asociacionaise.org\/"},{"@type":"ListItem","position":2,"name":"QU\u00c9 HACEMOS","item":"https:\/\/www.asociacionaise.org\/index.php\/proyectos\/"},{"@type":"ListItem","position":3,"name":"FORMACI\u00d3N EN COOPERACI\u00d3N"}]},{"@type":"WebSite","@id":"https:\/\/www.asociacionaise.org\/#website","url":"https:\/\/www.asociacionaise.org\/","name":"AISE","description":"Asociaci\u00f3n Internacional de Sanitarios en Espa\u00f1a","publisher":{"@id":"https:\/\/www.asociacionaise.org\/#organization"},"potentialAction":[{"@type":"SearchAction","target":{"@type":"EntryPoint","urlTemplate":"https:\/\/www.asociacionaise.org\/?s={search_term_string}"},"query-input":{"@type":"PropertyValueSpecification","valueRequired":true,"valueName":"search_term_string"}}],"inLanguage":"es"},{"@type":"Organization","@id":"https:\/\/www.asociacionaise.org\/#organization","name":"Asociacion AISE","url":"https:\/\/www.asociacionaise.org\/","logo":{"@type":"ImageObject","inLanguage":"es","@id":"https:\/\/www.asociacionaise.org\/#\/schema\/logo\/image\/","url":"http:\/\/www.asociacionaise.org\/wp-content\/uploads\/2020\/02\/logo256.png","contentUrl":"http:\/\/www.asociacionaise.org\/wp-content\/uploads\/2020\/02\/logo256.png","width":256,"height":256,"caption":"Asociacion AISE"},"image":{"@id":"https:\/\/www.asociacionaise.org\/#\/schema\/logo\/image\/"},"sameAs":["https:\/\/www.facebook.com\/AISEOrg\/","https:\/\/x.com\/ASOCIACIONAISE","https:\/\/www.instagram.com\/aise_voluntariado\/","https:\/\/www.linkedin.com\/in\/asociacion-aise-64a445147\/"]}]}},"_links":{"self":[{"href":"https:\/\/www.asociacionaise.org\/index.php\/wp-json\/wp\/v2\/pages\/3160","targetHints":{"allow":["GET"]}}],"collection":[{"href":"https:\/\/www.asociacionaise.org\/index.php\/wp-json\/wp\/v2\/pages"}],"about":[{"href":"https:\/\/www.asociacionaise.org\/index.php\/wp-json\/wp\/v2\/types\/page"}],"author":[{"embeddable":true,"href":"https:\/\/www.asociacionaise.org\/index.php\/wp-json\/wp\/v2\/users\/5"}],"replies":[{"embeddable":true,"href":"https:\/\/www.asociacionaise.org\/index.php\/wp-json\/wp\/v2\/comments?post=3160"}],"version-history":[{"count":2,"href":"https:\/\/www.asociacionaise.org\/index.php\/wp-json\/wp\/v2\/pages\/3160\/revisions"}],"predecessor-version":[{"id":4735,"href":"https:\/\/www.asociacionaise.org\/index.php\/wp-json\/wp\/v2\/pages\/3160\/revisions\/4735"}],"up":[{"embeddable":true,"href":"https:\/\/www.asociacionaise.org\/index.php\/wp-json\/wp\/v2\/pages\/41"}],"wp:attachment":[{"href":"https:\/\/www.asociacionaise.org\/index.php\/wp-json\/wp\/v2\/media?parent=3160"}],"curies":[{"name":"wp","href":"https:\/\/api.w.org\/{rel}","templated":true}]}}

FORMACIÓN EN COOPERACIÓN

<p style="text-align: justify;">Para llegar más lejos y a más personas necesitamos estar preparados profesionalmente. Es por ello que uno de nuestros objetivos principales es la docencia.</p>
<p style="text-align: justify;"><a href="https://www.asociacionaise.org/wp-content/uploads/2016/11/foto-banner.jpg"><img loading="lazy" decoding="async" class="size-medium wp-image-3161 alignleft" alt="foto banner" src="https://www.asociacionaise.org/wp-content/uploads/2016/11/foto-banner-300x225.jpg" width="300" height="225" srcset="https://www.asociacionaise.org/wp-content/uploads/2016/11/foto-banner-300x225.jpg 300w, https://www.asociacionaise.org/wp-content/uploads/2016/11/foto-banner-1024x768.jpg 1024w" sizes="auto, (max-width: 300px) 100vw, 300px" /></a>En AISE realizamos formación a alumnos de grado de enfermería y estudiantes de máster, mediante prácticas en sede, ampliando conocimientos en cooperación, elaboración de proyectos y gestión de recursos.</p>
<p style="text-align: justify;">Los estudiantes con perfil sanitario también pueden realizar prácticas en Ecuador, gracias a la Campaña Socio-Sanitaria, donde enfocarán su labor en la prevención y promoción de la salud mediante charlas a las comunidades.</p>
<p style="text-align: justify;">AISE también realiza sesiones formativas monotemáticas, seminarios prácticos y formaciones intensivas en universidades o centros especializados. Además forma a sus voluntarios antes de que éstos viajen a Ecuador para que su adaptación al proyecto sea más sencilla.</p>
<p style="text-align: justify;">Si deseas formarte con nosotros o firmar convenio de prácticas escríbenos <a href="https://www.asociacionaise.org/index.php/contacta/">aquí</a></p>
<p style="text-align: justify;">¡Porque sin aprendizaje no hay retos ni avances!</p>

<p>Para llegar más lejos y a más personas necesitamos estar preparados profesionalmente. Es por ello que uno de nuestros objetivos principales es la docencia. En AISE realizamos formación a alumnos de grado de enfermería y estudiantes de máster, mediante prácticas en sede, ampliando conocimientos en cooperación, elaboración de proyectos y gestión de recursos. Los estudiantes [&hellip;]</p>

<!-- This site is optimized with the Yoast SEO plugin v24.9 - https://yoast.com/wordpress/plugins/seo/ -->
<title>FORMACIÓN EN COOPERACIÓN - AISE</title>
<meta name="robots" content="index, follow, max-snippet:-1, max-image-preview:large, max-video-preview:-1" />
<link rel="canonical" href="https://www.asociacionaise.org/index.php/proyectos/formacion-en-cooperacion/" />
<meta property="og:locale" content="es_ES" />
<meta property="og:type" content="article" />
<meta property="og:title" content="FORMACIÓN EN COOPERACIÓN - AISE" />
<meta property="og:description" content="Para llegar más lejos y a más personas necesitamos estar preparados profesionalmente. Es por ello que uno de nuestros objetivos principales es la docencia. En AISE realizamos formación a alumnos de grado de enfermería y estudiantes de máster, mediante prácticas en sede, ampliando conocimientos en cooperación, elaboración de proyectos y gestión de recursos. Los estudiantes [&hellip;]" />
<meta property="og:url" content="https://www.asociacionaise.org/index.php/proyectos/formacion-en-cooperacion/" />
<meta property="og:site_name" content="AISE" />
<meta property="article:publisher" content="https://www.facebook.com/AISEOrg/" />
<meta property="og:image" content="http://www.asociacionaise.org/wp-content/uploads/2016/11/foto-banner-300x225.jpg" />
<meta name="twitter:card" content="summary_large_image" />
<meta name="twitter:site" content="@ASOCIACIONAISE" />
<meta name="twitter:label1" content="Tiempo de lectura" />
	<meta name="twitter:data1" content="1 minuto" />
<script type="application/ld+json" class="yoast-schema-graph">{"@context":"https://schema.org","@graph":[{"@type":"WebPage","@id":"https://www.asociacionaise.org/index.php/proyectos/formacion-en-cooperacion/","url":"https://www.asociacionaise.org/index.php/proyectos/formacion-en-cooperacion/","name":"FORMACIÓN EN COOPERACIÓN - AISE","isPartOf":{"@id":"https://www.asociacionaise.org/#website"},"primaryImageOfPage":{"@id":"https://www.asociacionaise.org/index.php/proyectos/formacion-en-cooperacion/#primaryimage"},"image":{"@id":"https://www.asociacionaise.org/index.php/proyectos/formacion-en-cooperacion/#primaryimage"},"thumbnailUrl":"http://www.asociacionaise.org/wp-content/uploads/2016/11/foto-banner-300x225.jpg","datePublished":"2016-11-12T04:34:17+00:00","breadcrumb":{"@id":"https://www.asociacionaise.org/index.php/proyectos/formacion-en-cooperacion/#breadcrumb"},"inLanguage":"es","potentialAction":[{"@type":"ReadAction","target":["https://www.asociacionaise.org/index.php/proyectos/formacion-en-cooperacion/"]}]},{"@type":"ImageObject","inLanguage":"es","@id":"https://www.asociacionaise.org/index.php/proyectos/formacion-en-cooperacion/#primaryimage","url":"https://www.asociacionaise.org/wp-content/uploads/2016/11/foto-banner.jpg","contentUrl":"https://www.asociacionaise.org/wp-content/uploads/2016/11/foto-banner.jpg","width":3264,"height":2448},{"@type":"BreadcrumbList","@id":"https://www.asociacionaise.org/index.php/proyectos/formacion-en-cooperacion/#breadcrumb","itemListElement":[{"@type":"ListItem","position":1,"name":"Portada","item":"https://www.asociacionaise.org/"},{"@type":"ListItem","position":2,"name":"QUÉ HACEMOS","item":"https://www.asociacionaise.org/index.php/proyectos/"},{"@type":"ListItem","position":3,"name":"FORMACIÓN EN COOPERACIÓN"}]},{"@type":"WebSite","@id":"https://www.asociacionaise.org/#website","url":"https://www.asociacionaise.org/","name":"AISE","description":"Asociación Internacional de Sanitarios en España","publisher":{"@id":"https://www.asociacionaise.org/#organization"},"potentialAction":[{"@type":"SearchAction","target":{"@type":"EntryPoint","urlTemplate":"https://www.asociacionaise.org/?s={search_term_string}"},"query-input":{"@type":"PropertyValueSpecification","valueRequired":true,"valueName":"search_term_string"}}],"inLanguage":"es"},{"@type":"Organization","@id":"https://www.asociacionaise.org/#organization","name":"Asociacion AISE","url":"https://www.asociacionaise.org/","logo":{"@type":"ImageObject","inLanguage":"es","@id":"https://www.asociacionaise.org/#/schema/logo/image/","url":"http://www.asociacionaise.org/wp-content/uploads/2020/02/logo256.png","contentUrl":"http://www.asociacionaise.org/wp-content/uploads/2020/02/logo256.png","width":256,"height":256,"caption":"Asociacion AISE"},"image":{"@id":"https://www.asociacionaise.org/#/schema/logo/image/"},"sameAs":["https://www.facebook.com/AISEOrg/","https://x.com/ASOCIACIONAISE","https://www.instagram.com/aise_voluntariado/","https://www.linkedin.com/in/asociacion-aise-64a445147/"]}]}</script>
<!-- / Yoast SEO plugin. -->

FORMACIÓN EN COOPERACIÓN - AISE

Para llegar más lejos y a más personas necesitamos estar preparados profesionalmente. Es por ello que uno de nuestros objetivos principales es la docencia. En AISE realizamos formación a alumnos de grado de enfermería y estudiantes de máster, mediante prácticas en sede, ampliando conocimientos en cooperación, elaboración de proyectos y gestión de recursos. Los estudiantes [&hellip;]

QUÉ HACEMOS

Asociación Internacional de Sanitarios en España
