{"id":270,"date":"2013-09-20T17:22:15","date_gmt":"2013-09-20T17:22:15","guid":{"rendered":"http:\/\/www.asociacionaise.org\/?page_id=270"},"modified":"2016-01-20T04:24:06","modified_gmt":"2016-01-20T04:24:06","slug":"merchandising","status":"publish","type":"page","link":"https:\/\/www.asociacionaise.org\/index.php\/voluntariado\/merchandising\/","title":{"rendered":"Merchandising"},"content":{"rendered":"<p style=\"text-align: justify;\">Si deseas colaborar con AISE adquiriendo alguno de los objetos de la asociaci\u00f3n, aqu\u00ed podr\u00e1s ayudarnos:<\/p>\n<p style=\"text-align: justify;\">Bol\u00edgrafos a 1,50 euros<\/p>\n<p><a href=\"https:\/\/www.asociacionaise.org\/wp-content\/uploads\/2013\/09\/IMG_2665-bolis1.jpg\"><img loading=\"lazy\" decoding=\"async\" class=\"size-medium wp-image-1620 alignleft\" alt=\"IMG_2665 bolis\" src=\"https:\/\/www.asociacionaise.org\/wp-content\/uploads\/2013\/09\/IMG_2665-bolis1-133x300.jpg\" width=\"133\" height=\"300\" srcset=\"https:\/\/www.asociacionaise.org\/wp-content\/uploads\/2013\/09\/IMG_2665-bolis1-133x300.jpg 133w, https:\/\/www.asociacionaise.org\/wp-content\/uploads\/2013\/09\/IMG_2665-bolis1.jpg 417w\" sizes=\"auto, (max-width: 133px) 100vw, 133px\" \/><\/a>\u00a0 \u00a0 \u00a0 \u00a0 \u00a0 \u00a0 \u00a0 \u00a0 \u00a0\u00a0<a href=\"https:\/\/www.asociacionaise.org\/wp-content\/uploads\/2013\/09\/IMG_1944.jpg\"><img loading=\"lazy\" decoding=\"async\" class=\"alignnone size-medium wp-image-2260\" alt=\"IMG_1944\" src=\"https:\/\/www.asociacionaise.org\/wp-content\/uploads\/2013\/09\/IMG_1944-225x300.jpg\" width=\"225\" height=\"300\" srcset=\"https:\/\/www.asociacionaise.org\/wp-content\/uploads\/2013\/09\/IMG_1944-225x300.jpg 225w, https:\/\/www.asociacionaise.org\/wp-content\/uploads\/2013\/09\/IMG_1944-768x1024.jpg 768w, https:\/\/www.asociacionaise.org\/wp-content\/uploads\/2013\/09\/IMG_1944.jpg 1200w\" sizes=\"auto, (max-width: 225px) 100vw, 225px\" \/><\/a><\/p>\n<p>Precio de USB: 8 euros<\/p>\n<p><a href=\"https:\/\/www.asociacionaise.org\/wp-content\/uploads\/2013\/09\/IMG_1947.jpg\"><img loading=\"lazy\" decoding=\"async\" class=\"alignnone size-medium wp-image-2261\" alt=\"IMG_1947\" src=\"https:\/\/www.asociacionaise.org\/wp-content\/uploads\/2013\/09\/IMG_1947-300x225.jpg\" width=\"300\" height=\"225\" srcset=\"https:\/\/www.asociacionaise.org\/wp-content\/uploads\/2013\/09\/IMG_1947-300x225.jpg 300w, https:\/\/www.asociacionaise.org\/wp-content\/uploads\/2013\/09\/IMG_1947-1024x768.jpg 1024w, https:\/\/www.asociacionaise.org\/wp-content\/uploads\/2013\/09\/IMG_1947.jpg 1600w\" sizes=\"auto, (max-width: 300px) 100vw, 300px\" \/><\/a><\/p>\n<p>Mochila peque\u00f1a 8 euros<\/p>\n<p><a href=\"https:\/\/www.asociacionaise.org\/wp-content\/uploads\/2013\/09\/IMG_19481.jpg\"><img loading=\"lazy\" decoding=\"async\" class=\"alignnone  wp-image-2256\" alt=\"IMG_1948\" src=\"https:\/\/www.asociacionaise.org\/wp-content\/uploads\/2013\/09\/IMG_19481-225x300.jpg\" width=\"190\" height=\"252\" srcset=\"https:\/\/www.asociacionaise.org\/wp-content\/uploads\/2013\/09\/IMG_19481-225x300.jpg 225w, https:\/\/www.asociacionaise.org\/wp-content\/uploads\/2013\/09\/IMG_19481-768x1024.jpg 768w, https:\/\/www.asociacionaise.org\/wp-content\/uploads\/2013\/09\/IMG_19481.jpg 1200w\" sizes=\"auto, (max-width: 190px) 100vw, 190px\" \/><\/a>\u00a0 \u00a0 \u00a0 \u00a0 \u00a0 \u00a0 \u00a0 \u00a0 \u00a0 \u00a0 \u00a0 \u00a0\u00a0\u00a0<a href=\"https:\/\/www.asociacionaise.org\/wp-content\/uploads\/2013\/09\/IMG_1950-1.jpg\"><img loading=\"lazy\" decoding=\"async\" class=\"alignnone  wp-image-2258\" alt=\"IMG_1950 (1)\" src=\"https:\/\/www.asociacionaise.org\/wp-content\/uploads\/2013\/09\/IMG_1950-1-225x300.jpg\" width=\"190\" height=\"252\" srcset=\"https:\/\/www.asociacionaise.org\/wp-content\/uploads\/2013\/09\/IMG_1950-1-225x300.jpg 225w, https:\/\/www.asociacionaise.org\/wp-content\/uploads\/2013\/09\/IMG_1950-1-768x1024.jpg 768w, https:\/\/www.asociacionaise.org\/wp-content\/uploads\/2013\/09\/IMG_1950-1.jpg 1200w\" sizes=\"auto, (max-width: 190px) 100vw, 190px\" \/><\/a><\/p>\n<p>Camisetas de manga corta 8,50 \u00a0euros<\/p>\n<p>Camisetas de manga larga 10,50 euros<\/p>\n<p><a href=\"https:\/\/www.asociacionaise.org\/wp-content\/uploads\/2013\/09\/Camiseta-Voluntario.jpg\"><img loading=\"lazy\" decoding=\"async\" class=\"wp-image-674 alignnone\" alt=\"Camiseta Voluntario\" src=\"https:\/\/www.asociacionaise.org\/wp-content\/uploads\/2013\/09\/Camiseta-Voluntario-300x168.jpg\" width=\"243\" height=\"136\" srcset=\"https:\/\/www.asociacionaise.org\/wp-content\/uploads\/2013\/09\/Camiseta-Voluntario-300x168.jpg 300w, https:\/\/www.asociacionaise.org\/wp-content\/uploads\/2013\/09\/Camiseta-Voluntario.jpg 816w\" sizes=\"auto, (max-width: 243px) 100vw, 243px\" \/><\/a>\u00a0\u00a0\u00a0<img loading=\"lazy\" decoding=\"async\" class=\"alignnone  wp-image-1618\" alt=\"IMG_2487\" src=\"https:\/\/www.asociacionaise.org\/wp-content\/uploads\/2013\/09\/IMG_2487-300x225.jpg\" width=\"208\" height=\"160\" \/><\/p>\n<p><a href=\"https:\/\/www.asociacionaise.org\/wp-content\/uploads\/2013\/09\/IMG-20130926-WA0002.jpg\"><img loading=\"lazy\" decoding=\"async\" class=\"wp-image-597 alignnone\" alt=\"IMG-20130926-WA0002\" src=\"https:\/\/www.asociacionaise.org\/wp-content\/uploads\/2013\/09\/IMG-20130926-WA0002.jpg\" width=\"211\" height=\"282\" \/><\/a>\u00a0 \u00a0 \u00a0 \u00a0 \u00a0<a href=\"https:\/\/www.asociacionaise.org\/wp-content\/uploads\/2013\/09\/Camiseta-10a-CSS.jpg\"><img loading=\"lazy\" decoding=\"async\" class=\"wp-image-676 alignnone\" alt=\"Camiseta 10a CSS\" src=\"https:\/\/www.asociacionaise.org\/wp-content\/uploads\/2013\/09\/Camiseta-10a-CSS-187x300.jpg\" width=\"168\" height=\"270\" srcset=\"https:\/\/www.asociacionaise.org\/wp-content\/uploads\/2013\/09\/Camiseta-10a-CSS-187x300.jpg 187w, https:\/\/www.asociacionaise.org\/wp-content\/uploads\/2013\/09\/Camiseta-10a-CSS.jpg 459w\" sizes=\"auto, (max-width: 168px) 100vw, 168px\" \/><\/a><\/p>\n<p>Polos 10 y 12 euros (seg\u00fan el modelo)<\/p>\n<p>&nbsp;<\/p>\n<p><a href=\"https:\/\/www.asociacionaise.org\/wp-content\/uploads\/2013\/09\/IMG_2483.jpg\"><img loading=\"lazy\" decoding=\"async\" class=\"alignnone  wp-image-1617\" alt=\"IMG_2483\" src=\"https:\/\/www.asociacionaise.org\/wp-content\/uploads\/2013\/09\/IMG_2483-300x225.jpg\" width=\"238\" height=\"178\" srcset=\"https:\/\/www.asociacionaise.org\/wp-content\/uploads\/2013\/09\/IMG_2483-300x225.jpg 300w, https:\/\/www.asociacionaise.org\/wp-content\/uploads\/2013\/09\/IMG_2483-1024x768.jpg 1024w, https:\/\/www.asociacionaise.org\/wp-content\/uploads\/2013\/09\/IMG_2483.jpg 1280w\" sizes=\"auto, (max-width: 238px) 100vw, 238px\" \/><\/a>\u00a0 \u00a0 <img loading=\"lazy\" decoding=\"async\" class=\"wp-image-1619 alignnone\" alt=\"IMG_2491\" src=\"https:\/\/www.asociacionaise.org\/wp-content\/uploads\/2013\/09\/IMG_2491-300x225.jpg\" width=\"240\" height=\"180\" srcset=\"https:\/\/www.asociacionaise.org\/wp-content\/uploads\/2013\/09\/IMG_2491-300x225.jpg 300w, https:\/\/www.asociacionaise.org\/wp-content\/uploads\/2013\/09\/IMG_2491-1024x768.jpg 1024w, https:\/\/www.asociacionaise.org\/wp-content\/uploads\/2013\/09\/IMG_2491.jpg 1280w\" sizes=\"auto, (max-width: 240px) 100vw, 240px\" \/><\/p>\n<p>Ponte en contacto con nosotros\u00a0<a title=\"CONTACTA\" href=\"https:\/\/www.asociacionaise.org\/?page_id=62\">aqu\u00ed<\/a>\u00a0y te enviaremos tu pedido a casa.<\/p>\n<p>&nbsp;<\/p>\n<p>&nbsp;<\/p>\n<p>&nbsp;<\/p>\n","protected":false},"excerpt":{"rendered":"<p>Si deseas colaborar con AISE adquiriendo alguno de los objetos de la asociaci\u00f3n, aqu\u00ed podr\u00e1s ayudarnos: Bol\u00edgrafos a 1,50 euros \u00a0 \u00a0 \u00a0 \u00a0 \u00a0 \u00a0 \u00a0 \u00a0 \u00a0\u00a0 Precio de USB: 8 euros Mochila peque\u00f1a 8 euros \u00a0 \u00a0 \u00a0 \u00a0 \u00a0 \u00a0 \u00a0 \u00a0 \u00a0 \u00a0 \u00a0 \u00a0\u00a0\u00a0 Camisetas de manga corta 8,50 [&hellip;]<\/p>\n","protected":false},"author":5,"featured_media":0,"parent":59,"menu_order":5,"comment_status":"closed","ping_status":"closed","template":"","meta":{"footnotes":""},"class_list":["post-270","page","type-page","status-publish","hentry"],"yoast_head":"<!-- This site is optimized with the Yoast SEO plugin v24.9 - https:\/\/yoast.com\/wordpress\/plugins\/seo\/ -->\n<title>Merchandising - AISE<\/title>\n<meta name=\"robots\" content=\"index, follow, max-snippet:-1, max-image-preview:large, max-video-preview:-1\" \/>\n<link rel=\"canonical\" href=\"https:\/\/www.asociacionaise.org\/index.php\/voluntariado\/merchandising\/\" \/>\n<meta property=\"og:locale\" content=\"es_ES\" \/>\n<meta property=\"og:type\" content=\"article\" \/>\n<meta property=\"og:title\" content=\"Merchandising - AISE\" \/>\n<meta property=\"og:description\" content=\"Si deseas colaborar con AISE adquiriendo alguno de los objetos de la asociaci\u00f3n, aqu\u00ed podr\u00e1s ayudarnos: Bol\u00edgrafos a 1,50 euros \u00a0 \u00a0 \u00a0 \u00a0 \u00a0 \u00a0 \u00a0 \u00a0 \u00a0\u00a0 Precio de USB: 8 euros Mochila peque\u00f1a 8 euros \u00a0 \u00a0 \u00a0 \u00a0 \u00a0 \u00a0 \u00a0 \u00a0 \u00a0 \u00a0 \u00a0 \u00a0\u00a0\u00a0 Camisetas de manga corta 8,50 [&hellip;]\" \/>\n<meta property=\"og:url\" content=\"https:\/\/www.asociacionaise.org\/index.php\/voluntariado\/merchandising\/\" \/>\n<meta property=\"og:site_name\" content=\"AISE\" \/>\n<meta property=\"article:publisher\" content=\"https:\/\/www.facebook.com\/AISEOrg\/\" \/>\n<meta property=\"article:modified_time\" content=\"2016-01-20T04:24:06+00:00\" \/>\n<meta property=\"og:image\" content=\"http:\/\/www.asociacionaise.org\/wp-content\/uploads\/2013\/09\/IMG_2665-bolis1-133x300.jpg\" \/>\n<meta name=\"twitter:card\" content=\"summary_large_image\" \/>\n<meta name=\"twitter:site\" content=\"@ASOCIACIONAISE\" \/>\n<script type=\"application\/ld+json\" class=\"yoast-schema-graph\">{\"@context\":\"https:\/\/schema.org\",\"@graph\":[{\"@type\":\"WebPage\",\"@id\":\"https:\/\/www.asociacionaise.org\/index.php\/voluntariado\/merchandising\/\",\"url\":\"https:\/\/www.asociacionaise.org\/index.php\/voluntariado\/merchandising\/\",\"name\":\"Merchandising - AISE\",\"isPartOf\":{\"@id\":\"https:\/\/www.asociacionaise.org\/#website\"},\"primaryImageOfPage\":{\"@id\":\"https:\/\/www.asociacionaise.org\/index.php\/voluntariado\/merchandising\/#primaryimage\"},\"image\":{\"@id\":\"https:\/\/www.asociacionaise.org\/index.php\/voluntariado\/merchandising\/#primaryimage\"},\"thumbnailUrl\":\"http:\/\/www.asociacionaise.org\/wp-content\/uploads\/2013\/09\/IMG_2665-bolis1-133x300.jpg\",\"datePublished\":\"2013-09-20T17:22:15+00:00\",\"dateModified\":\"2016-01-20T04:24:06+00:00\",\"breadcrumb\":{\"@id\":\"https:\/\/www.asociacionaise.org\/index.php\/voluntariado\/merchandising\/#breadcrumb\"},\"inLanguage\":\"es\",\"potentialAction\":[{\"@type\":\"ReadAction\",\"target\":[\"https:\/\/www.asociacionaise.org\/index.php\/voluntariado\/merchandising\/\"]}]},{\"@type\":\"ImageObject\",\"inLanguage\":\"es\",\"@id\":\"https:\/\/www.asociacionaise.org\/index.php\/voluntariado\/merchandising\/#primaryimage\",\"url\":\"https:\/\/www.asociacionaise.org\/wp-content\/uploads\/2013\/09\/IMG_2665-bolis1.jpg\",\"contentUrl\":\"https:\/\/www.asociacionaise.org\/wp-content\/uploads\/2013\/09\/IMG_2665-bolis1.jpg\",\"width\":417,\"height\":940},{\"@type\":\"BreadcrumbList\",\"@id\":\"https:\/\/www.asociacionaise.org\/index.php\/voluntariado\/merchandising\/#breadcrumb\",\"itemListElement\":[{\"@type\":\"ListItem\",\"position\":1,\"name\":\"Portada\",\"item\":\"https:\/\/www.asociacionaise.org\/\"},{\"@type\":\"ListItem\",\"position\":2,\"name\":\"C\u00d3MO AYUDAR\",\"item\":\"https:\/\/www.asociacionaise.org\/index.php\/voluntariado\/\"},{\"@type\":\"ListItem\",\"position\":3,\"name\":\"Merchandising\"}]},{\"@type\":\"WebSite\",\"@id\":\"https:\/\/www.asociacionaise.org\/#website\",\"url\":\"https:\/\/www.asociacionaise.org\/\",\"name\":\"AISE\",\"description\":\"Asociaci\u00f3n Internacional de Sanitarios en Espa\u00f1a\",\"publisher\":{\"@id\":\"https:\/\/www.asociacionaise.org\/#organization\"},\"potentialAction\":[{\"@type\":\"SearchAction\",\"target\":{\"@type\":\"EntryPoint\",\"urlTemplate\":\"https:\/\/www.asociacionaise.org\/?s={search_term_string}\"},\"query-input\":{\"@type\":\"PropertyValueSpecification\",\"valueRequired\":true,\"valueName\":\"search_term_string\"}}],\"inLanguage\":\"es\"},{\"@type\":\"Organization\",\"@id\":\"https:\/\/www.asociacionaise.org\/#organization\",\"name\":\"Asociacion AISE\",\"url\":\"https:\/\/www.asociacionaise.org\/\",\"logo\":{\"@type\":\"ImageObject\",\"inLanguage\":\"es\",\"@id\":\"https:\/\/www.asociacionaise.org\/#\/schema\/logo\/image\/\",\"url\":\"http:\/\/www.asociacionaise.org\/wp-content\/uploads\/2020\/02\/logo256.png\",\"contentUrl\":\"http:\/\/www.asociacionaise.org\/wp-content\/uploads\/2020\/02\/logo256.png\",\"width\":256,\"height\":256,\"caption\":\"Asociacion AISE\"},\"image\":{\"@id\":\"https:\/\/www.asociacionaise.org\/#\/schema\/logo\/image\/\"},\"sameAs\":[\"https:\/\/www.facebook.com\/AISEOrg\/\",\"https:\/\/x.com\/ASOCIACIONAISE\",\"https:\/\/www.instagram.com\/aise_voluntariado\/\",\"https:\/\/www.linkedin.com\/in\/asociacion-aise-64a445147\/\"]}]}<\/script>\n<!-- \/ Yoast SEO plugin. -->","yoast_head_json":{"title":"Merchandising - AISE","robots":{"index":"index","follow":"follow","max-snippet":"max-snippet:-1","max-image-preview":"max-image-preview:large","max-video-preview":"max-video-preview:-1"},"canonical":"https:\/\/www.asociacionaise.org\/index.php\/voluntariado\/merchandising\/","og_locale":"es_ES","og_type":"article","og_title":"Merchandising - AISE","og_description":"Si deseas colaborar con AISE adquiriendo alguno de los objetos de la asociaci\u00f3n, aqu\u00ed podr\u00e1s ayudarnos: Bol\u00edgrafos a 1,50 euros \u00a0 \u00a0 \u00a0 \u00a0 \u00a0 \u00a0 \u00a0 \u00a0 \u00a0\u00a0 Precio de USB: 8 euros Mochila peque\u00f1a 8 euros \u00a0 \u00a0 \u00a0 \u00a0 \u00a0 \u00a0 \u00a0 \u00a0 \u00a0 \u00a0 \u00a0 \u00a0\u00a0\u00a0 Camisetas de manga corta 8,50 [&hellip;]","og_url":"https:\/\/www.asociacionaise.org\/index.php\/voluntariado\/merchandising\/","og_site_name":"AISE","article_publisher":"https:\/\/www.facebook.com\/AISEOrg\/","article_modified_time":"2016-01-20T04:24:06+00:00","og_image":[{"url":"http:\/\/www.asociacionaise.org\/wp-content\/uploads\/2013\/09\/IMG_2665-bolis1-133x300.jpg","type":"","width":"","height":""}],"twitter_card":"summary_large_image","twitter_site":"@ASOCIACIONAISE","schema":{"@context":"https:\/\/schema.org","@graph":[{"@type":"WebPage","@id":"https:\/\/www.asociacionaise.org\/index.php\/voluntariado\/merchandising\/","url":"https:\/\/www.asociacionaise.org\/index.php\/voluntariado\/merchandising\/","name":"Merchandising - AISE","isPartOf":{"@id":"https:\/\/www.asociacionaise.org\/#website"},"primaryImageOfPage":{"@id":"https:\/\/www.asociacionaise.org\/index.php\/voluntariado\/merchandising\/#primaryimage"},"image":{"@id":"https:\/\/www.asociacionaise.org\/index.php\/voluntariado\/merchandising\/#primaryimage"},"thumbnailUrl":"http:\/\/www.asociacionaise.org\/wp-content\/uploads\/2013\/09\/IMG_2665-bolis1-133x300.jpg","datePublished":"2013-09-20T17:22:15+00:00","dateModified":"2016-01-20T04:24:06+00:00","breadcrumb":{"@id":"https:\/\/www.asociacionaise.org\/index.php\/voluntariado\/merchandising\/#breadcrumb"},"inLanguage":"es","potentialAction":[{"@type":"ReadAction","target":["https:\/\/www.asociacionaise.org\/index.php\/voluntariado\/merchandising\/"]}]},{"@type":"ImageObject","inLanguage":"es","@id":"https:\/\/www.asociacionaise.org\/index.php\/voluntariado\/merchandising\/#primaryimage","url":"https:\/\/www.asociacionaise.org\/wp-content\/uploads\/2013\/09\/IMG_2665-bolis1.jpg","contentUrl":"https:\/\/www.asociacionaise.org\/wp-content\/uploads\/2013\/09\/IMG_2665-bolis1.jpg","width":417,"height":940},{"@type":"BreadcrumbList","@id":"https:\/\/www.asociacionaise.org\/index.php\/voluntariado\/merchandising\/#breadcrumb","itemListElement":[{"@type":"ListItem","position":1,"name":"Portada","item":"https:\/\/www.asociacionaise.org\/"},{"@type":"ListItem","position":2,"name":"C\u00d3MO AYUDAR","item":"https:\/\/www.asociacionaise.org\/index.php\/voluntariado\/"},{"@type":"ListItem","position":3,"name":"Merchandising"}]},{"@type":"WebSite","@id":"https:\/\/www.asociacionaise.org\/#website","url":"https:\/\/www.asociacionaise.org\/","name":"AISE","description":"Asociaci\u00f3n Internacional de Sanitarios en Espa\u00f1a","publisher":{"@id":"https:\/\/www.asociacionaise.org\/#organization"},"potentialAction":[{"@type":"SearchAction","target":{"@type":"EntryPoint","urlTemplate":"https:\/\/www.asociacionaise.org\/?s={search_term_string}"},"query-input":{"@type":"PropertyValueSpecification","valueRequired":true,"valueName":"search_term_string"}}],"inLanguage":"es"},{"@type":"Organization","@id":"https:\/\/www.asociacionaise.org\/#organization","name":"Asociacion AISE","url":"https:\/\/www.asociacionaise.org\/","logo":{"@type":"ImageObject","inLanguage":"es","@id":"https:\/\/www.asociacionaise.org\/#\/schema\/logo\/image\/","url":"http:\/\/www.asociacionaise.org\/wp-content\/uploads\/2020\/02\/logo256.png","contentUrl":"http:\/\/www.asociacionaise.org\/wp-content\/uploads\/2020\/02\/logo256.png","width":256,"height":256,"caption":"Asociacion AISE"},"image":{"@id":"https:\/\/www.asociacionaise.org\/#\/schema\/logo\/image\/"},"sameAs":["https:\/\/www.facebook.com\/AISEOrg\/","https:\/\/x.com\/ASOCIACIONAISE","https:\/\/www.instagram.com\/aise_voluntariado\/","https:\/\/www.linkedin.com\/in\/asociacion-aise-64a445147\/"]}]}},"_links":{"self":[{"href":"https:\/\/www.asociacionaise.org\/index.php\/wp-json\/wp\/v2\/pages\/270","targetHints":{"allow":["GET"]}}],"collection":[{"href":"https:\/\/www.asociacionaise.org\/index.php\/wp-json\/wp\/v2\/pages"}],"about":[{"href":"https:\/\/www.asociacionaise.org\/index.php\/wp-json\/wp\/v2\/types\/page"}],"author":[{"embeddable":true,"href":"https:\/\/www.asociacionaise.org\/index.php\/wp-json\/wp\/v2\/users\/5"}],"replies":[{"embeddable":true,"href":"https:\/\/www.asociacionaise.org\/index.php\/wp-json\/wp\/v2\/comments?post=270"}],"version-history":[{"count":31,"href":"https:\/\/www.asociacionaise.org\/index.php\/wp-json\/wp\/v2\/pages\/270\/revisions"}],"predecessor-version":[{"id":399,"href":"https:\/\/www.asociacionaise.org\/index.php\/wp-json\/wp\/v2\/pages\/270\/revisions\/399"}],"up":[{"embeddable":true,"href":"https:\/\/www.asociacionaise.org\/index.php\/wp-json\/wp\/v2\/pages\/59"}],"wp:attachment":[{"href":"https:\/\/www.asociacionaise.org\/index.php\/wp-json\/wp\/v2\/media?parent=270"}],"curies":[{"name":"wp","href":"https:\/\/api.w.org\/{rel}","templated":true}]}}