{"version":"1.0","provider_name":"AISE","provider_url":"https:\/\/www.asociacionaise.org","author_name":"Cristina Fern\u00e1ndez","author_url":"https:\/\/www.asociacionaise.org\/index.php\/author\/cristina\/","title":"\u00a1YA TENEMOS LA MEMORIA DE LA 15\u00aaCAMPA\u00d1A! - AISE","type":"rich","width":600,"height":338,"html":"<blockquote class=\"wp-embedded-content\" data-secret=\"nJYJ9YfOYa\"><a href=\"https:\/\/www.asociacionaise.org\/index.php\/ya-tenemos-la-memoria-de-la-15acampana\/\">\u00a1YA TENEMOS LA MEMORIA DE LA 15\u00aaCAMPA\u00d1A!<\/a><\/blockquote><iframe sandbox=\"allow-scripts\" security=\"restricted\" src=\"https:\/\/www.asociacionaise.org\/index.php\/ya-tenemos-la-memoria-de-la-15acampana\/embed\/#?secret=nJYJ9YfOYa\" width=\"600\" height=\"338\" title=\"\u00ab\u00a1YA TENEMOS LA MEMORIA DE LA 15\u00aaCAMPA\u00d1A!\u00bb \u2014 AISE\" data-secret=\"nJYJ9YfOYa\" frameborder=\"0\" marginwidth=\"0\" marginheight=\"0\" scrolling=\"no\" class=\"wp-embedded-content\"><\/iframe><script type=\"text\/javascript\">\n\/* <![CDATA[ *\/\n\/*! This file is auto-generated *\/\n!function(d,l){\"use strict\";l.querySelector&&d.addEventListener&&\"undefined\"!=typeof URL&&(d.wp=d.wp||{},d.wp.receiveEmbedMessage||(d.wp.receiveEmbedMessage=function(e){var t=e.data;if((t||t.secret||t.message||t.value)&&!\/[^a-zA-Z0-9]\/.test(t.secret)){for(var s,r,n,a=l.querySelectorAll('iframe[data-secret=\"'+t.secret+'\"]'),o=l.querySelectorAll('blockquote[data-secret=\"'+t.secret+'\"]'),c=new RegExp(\"^https?:$\",\"i\"),i=0;i<o.length;i++)o[i].style.display=\"none\";for(i=0;i<a.length;i++)s=a[i],e.source===s.contentWindow&&(s.removeAttribute(\"style\"),\"height\"===t.message?(1e3<(r=parseInt(t.value,10))?r=1e3:~~r<200&&(r=200),s.height=r):\"link\"===t.message&&(r=new URL(s.getAttribute(\"src\")),n=new URL(t.value),c.test(n.protocol))&&n.host===r.host&&l.activeElement===s&&(d.top.location.href=t.value))}},d.addEventListener(\"message\",d.wp.receiveEmbedMessage,!1),l.addEventListener(\"DOMContentLoaded\",function(){for(var e,t,s=l.querySelectorAll(\"iframe.wp-embedded-content\"),r=0;r<s.length;r++)(t=(e=s[r]).getAttribute(\"data-secret\"))||(t=Math.random().toString(36).substring(2,12),e.src+=\"#?secret=\"+t,e.setAttribute(\"data-secret\",t)),e.contentWindow.postMessage({message:\"ready\",secret:t},\"*\")},!1)))}(window,document);\n\/\/# sourceURL=https:\/\/www.asociacionaise.org\/wp-includes\/js\/wp-embed.min.js\n\/* ]]> *\/\n<\/script>\n","thumbnail_url":"https:\/\/www.asociacionaise.org\/wp-content\/uploads\/2018\/07\/12804621_10208603116292247_6427003192823847351_n.jpg","thumbnail_width":960,"thumbnail_height":540,"description":"&nbsp; Hemos tardado, lo sabemos, pero ya pod\u00e9is consultar la MEMORIA de la 15\u00aa Campa\u00f1a Socio-Sanitaria, donde mostramos el magn\u00edfico trabajo realizado por los 76 voluntarios sanitarios que participaron durante 35 d\u00edas en las zonas rurales de Ecuador, ofreciendo lo mejor de ellos: Conocimientos sobre salud y atenci\u00f3n individualizada. Casi 18.000 personas se han podido [&hellip;]"}

Cristina Fernández

¡YA TENEMOS LA MEMORIA DE LA 15ªCAMPAÑA! - AISE

<blockquote class="wp-embedded-content" data-secret="nJYJ9YfOYa"><a href="https://www.asociacionaise.org/index.php/ya-tenemos-la-memoria-de-la-15acampana/">¡YA TENEMOS LA MEMORIA DE LA 15ªCAMPAÑA!</a></blockquote><iframe sandbox="allow-scripts" security="restricted" src="https://www.asociacionaise.org/index.php/ya-tenemos-la-memoria-de-la-15acampana/embed/#?secret=nJYJ9YfOYa" width="600" height="338" title="«¡YA TENEMOS LA MEMORIA DE LA 15ªCAMPAÑA!» — AISE" data-secret="nJYJ9YfOYa" frameborder="0" marginwidth="0" marginheight="0" scrolling="no" class="wp-embedded-content"></iframe><script type="text/javascript">
/* <![CDATA[ */
/*! This file is auto-generated */
!function(d,l){"use strict";l.querySelector&&d.addEventListener&&"undefined"!=typeof URL&&(d.wp=d.wp||{},d.wp.receiveEmbedMessage||(d.wp.receiveEmbedMessage=function(e){var t=e.data;if((t||t.secret||t.message||t.value)&&!/[^a-zA-Z0-9]/.test(t.secret)){for(var s,r,n,a=l.querySelectorAll('iframe[data-secret="'+t.secret+'"]'),o=l.querySelectorAll('blockquote[data-secret="'+t.secret+'"]'),c=new RegExp("^https?:$","i"),i=0;i<o.length;i++)o[i].style.display="none";for(i=0;i<a.length;i++)s=a[i],e.source===s.contentWindow&&(s.removeAttribute("style"),"height"===t.message?(1e3<(r=parseInt(t.value,10))?r=1e3:~~r<200&&(r=200),s.height=r):"link"===t.message&&(r=new URL(s.getAttribute("src")),n=new URL(t.value),c.test(n.protocol))&&n.host===r.host&&l.activeElement===s&&(d.top.location.href=t.value))}},d.addEventListener("message",d.wp.receiveEmbedMessage,!1),l.addEventListener("DOMContentLoaded",function(){for(var e,t,s=l.querySelectorAll("iframe.wp-embedded-content"),r=0;r<s.length;r++)(t=(e=s[r]).getAttribute("data-secret"))||(t=Math.random().toString(36).substring(2,12),e.src+="#?secret="+t,e.setAttribute("data-secret",t)),e.contentWindow.postMessage({message:"ready",secret:t},"*")},!1)))}(window,document);
//# sourceURL=https://www.asociacionaise.org/wp-includes/js/wp-embed.min.js
/* ]]> */
</script>

&nbsp; Hemos tardado, lo sabemos, pero ya podéis consultar la MEMORIA de la 15ª Campaña Socio-Sanitaria, donde mostramos el magnífico trabajo realizado por los 76 voluntarios sanitarios que participaron durante 35 días en las zonas rurales de Ecuador, ofreciendo lo mejor de ellos: Conocimientos sobre salud y atención individualizada. Casi 18.000 personas se han podido [&hellip;]
